 highest common factor of 48 and 8796?
12
Calculate the greatest common divisor of 8 and 3.
1
Calculate the highest common divisor of 1287 and 792.
99
Calculate the greatest common factor of 95 and 19.
19
What is the greatest common factor of 1110 and 70?
10
What is the greatest common factor of 42 and 1722?
42
What is the greatest common factor of 22 and 55?
11
What is the highest common factor of 85 and 870?
5
What is the highest common divisor of 25 and 1700?
25
Calculate the greatest common divisor of 513 and 54.
27
Calculate the highest common divisor of 81 and 1197.
9
What is the greatest common factor of 48 and 2?
2
What is the greatest common factor of 10 and 110?
10
What is the greatest common factor of 126 and 6993?
63
What is the greatest common factor of 2688 and 480?
96
Calculate the greatest common factor of 76 and 108.
4
What is the greatest common factor of 17 and 11458?
17
What is the greatest common divisor of 432 and 16?
16
What is the highest common divisor of 2424 and 32?
8
What is the greatest common divisor of 32 and 1000?
8
Calculate the greatest common factor of 75 and 25.
25
Calculate the highest common factor of 9 and 4110.
3
Calculate the highest common factor of 891 and 117.
9
What is the highest common factor of 3129 and 298?
149
What is the greatest common factor of 208 and 156?
52
Calculate the highest common factor of 459 and 816.
51
Calculate the highest common divisor of 15 and 12205.
5
Calculate the highest common factor of 8 and 68.
4
What is the greatest common factor of 92 and 36202?
46
Calculate the highest common factor of 22 and 341.
11
Calculate the highest common divisor of 285 and 1045.
95
Calculate the highest common divisor of 33 and 3993.
33
Calculate the highest common factor of 3003 and 21.
21
Calculate the highest common divisor of 7216 and 22.
22
Calculate the highest common factor of 222 and 12.
6
What is the highest common divisor of 435 and 15?
15
Calculate the highest common factor of 40 and 14408.
8
What is the greatest common divisor of 10 and 70?
10
Calculate the greatest common divisor of 5762 and 86.
86
What is the highest common divisor of 5 and 625?
5
What is the greatest common factor of 104 and 3406?
26
What is the highest common divisor of 1152 and 78?
6
What is the highest common divisor of 184 and 200?
8
Calculate the greatest common factor of 20 and 16860.
20
What is the greatest common factor of 2769 and 39?
39
What is the greatest common factor of 246 and 533?
41
Calculate the greatest common factor of 672 and 1248.
96
Calculate the greatest common divisor of 642 and 7918.
214
Calculate the greatest common divisor of 28292 and 88.
44
What is the highest common factor of 27 and 117?
9
Calculate the highest common factor of 203 and 87.
29
What is the highest common divisor of 372 and 48?
12
What is the highest common factor of 3664 and 4?
4
What is the highest common factor of 48 and 128?
16
Calculate the highest common divisor of 18 and 37134.
18
Calculate the greatest common factor of 1596 and 741.
57
Calculate the highest common factor of 317 and 1.
1
What is the highest common divisor of 90 and 126?
18
Calculate the greatest common divisor of 540 and 6705.
45
Calculate the highest common divisor of 99 and 110.
11
Calculate the greatest common divisor of 138 and 54.
6
Calculate the highest common divisor of 40 and 530.
10
What is the highest common factor of 1128 and 48?
24
Calculate the greatest common factor of 1752 and 16.
8
What is the greatest common divisor of 363 and 44?
11
What is the greatest common factor of 100 and 550?
50
Calculate the highest common factor of 90 and 765.
45
What is the greatest common factor of 92 and 736?
92
Calculate the greatest common divisor of 4 and 857.
1
Calculate the greatest common factor of 34 and 2193.
17
What is the greatest common divisor of 1344 and 96?
96
What is the highest common factor of 9655 and 10?
5
What is the highest common factor of 24 and 1096?
8
What is the greatest common factor of 252 and 7938?
126
What is the highest common divisor of 399 and 3?
3
What is the greatest common factor of 175 and 550?
25
Calculate the greatest common divisor of 52 and 104.
52
Calculate the highest common divisor of 7 and 1.
1
What is the highest common factor of 218 and 2?
2
What is the greatest common divisor of 9 and 729?
9
What is the greatest common divisor of 30 and 10365?
15
What is the greatest common factor of 506 and 184?
46
What is the greatest common divisor of 103 and 6592?
103
Calculate the greatest common divisor of 14 and 38.
2
Calculate the highest common factor of 33 and 1419.
33
Calculate the highest common divisor of 635 and 15.
5
What is the highest common factor of 16 and 32?
16
Calculate the greatest common divisor of 1862 and 2.
2
What is the highest common divisor of 121 and 11?
11
What is the highest common factor of 7326 and 198?
198
Calculate the greatest common divisor of 126 and 14.
14
What is the greatest common divisor of 3 and 591?
3
Calculate the highest common factor of 3787 and 7.
7
What is the highest common factor of 183 and 3?
3
Calculate the highest common factor of 889 and 63.
7
Calculate the greatest common factor of 1078 and 121.
11
What is the greatest common factor of 14 and 3206?
14
What is the highest common factor of 7 and 224?
7
What is the highest common factor of 2700 and 432?
108
Calculate the greatest common factor of 76 and 9082.
38
Calculate the greatest common factor of 3744 and 684.
36
What is the highest common divisor of 858 and 26?
26
What is the highest common factor of 560 and 105?
35
Calculate the greatest common divisor of 29 and 8.
1
What is the highest common factor of 34 and 3298?
34
What is the highest common divisor of 110 and 286?
22
What is the highest common divisor of 6900 and 300?
300
Calculate the greatest common divisor of 423 and 799.
47
Calculate the highest common divisor of 208 and 39.
13
What is the highest common factor of 14 and 63?
7
What is the greatest common factor of 35 and 45?
5
What is the highest common divisor of 43 and 2881?
43
Calculate the greatest common divisor of 32 and 184.
8
Calculate the highest common factor of 309 and 15.
3
Calculate the highest common divisor of 576 and 36.
36
Calculate the highest common divisor of 648 and 114.
6
Calculate the greatest common factor of 27 and 288.
9
What is the highest common factor of 1 and 4?
1
What is the highest common factor of 52 and 364?
52
Calculate the highest common factor of 5750 and 2750.
250
Calculate the greatest common divisor of 14 and 24500.
14
Calculate the greatest common factor of 185 and 1332.
37
What is the greatest common factor of 8777 and 1441?
131
Calculate the greatest common divisor of 24 and 344.
8
Calculate the highest common factor of 500 and 16.
4
Calculate the greatest common divisor of 927 and 9.
9
What is the greatest common factor of 3038 and 62?
62
What is the highest common factor of 18 and 198?
18
Calculate the highest common divisor of 1261 and 582.
97
What is the highest common divisor of 343 and 14?
7
What is the highest common factor of 56 and 1400?
56
Calculate the greatest common factor of 275 and 220.
55
What is the greatest common divisor of 529 and 115?
23
Calculate the highest common divisor of 70 and 546.
14
What is the highest common divisor of 4 and 28?
4
Calculate the highest common factor of 1100 and 100.
100
What is the greatest common divisor of 608 and 57?
19
What is the highest common factor of 360 and 306?
18
Calculate the greatest common divisor of 592 and 16.
16
Calculate the highest common divisor of 39 and 468.
39
Calculate the greatest common divisor of 24 and 1024.
8
What is the greatest common divisor of 33683 and 13?
13
Calculate the greatest common factor of 88 and 36.
4
What is the greatest common divisor of 286 and 78?
26
What is the greatest common factor of 2652 and 1428?
204
Calculate the highest common factor of 949 and 91.
13
What is the highest common factor of 61 and 671?
61
Calculate the highest common factor of 7 and 4613.
7
What is the highest common divisor of 928 and 11?
1
Calculate the greatest common factor of 64 and 248.
8
Calculate the greatest common factor of 36228 and 12.
12
Calculate the greatest common f